+ 30252. Suppose 0 = 8*r - 5*r - g. Is r a composite number?
False
Let z(p) = -622*p**3 - p**2 + 16*p + 50. Let g(n) = -2*n**2 + 28*n + 27. Let l be g(15). Is z(l) prime?
True
Let f = 110 + -102. Let d(y) = 26*y + 15. Is d(f) prime?
True
Suppose 53*x + 43733 = 54*x. Is x prime?
False
Suppose 2*a = -3*u + 48 - 5, 5*u = -15. Suppose a = -2*m - 14. Let d(g) = -217*g - 21. Is d(m) a prime number?
False
Suppose -52 = -7*x + 3*x. Let b(w) = 14*w**2 - 29*w + 56. Let f(g) = -3*g**2 + 6*g - 10. Let n(h) = -2*b(h) - 11*f(h). Is n(x) a prime number?
True
Let g(x) = 99*x**3 + x**2 + 3*x + 3. Let d be g(3). Suppose 7*u = 3*u + 2*n + d, 2*n + 666 = u. Is u - (0 + -4 + 3) a composite number?
False
Is -5 + 3 + 0 + 30239 composite?
True
Let s = -111 + 125. Is (-35)/s*(-5966)/5 a prime number?
False
Let q(h) = 135*h + 54. Let x be q(2). Suppose -90276 = -x*l + 318*l. Is l a composite number?
True
Let p be (-6793)/(0 + -4 + (-7)/(-2)). Suppose -2*c = 3*a - 16281, 4*a + 3*c - p = 8121. Is a a prime number?
False
Suppose 0 = -2419*w + 2411*w + 819928. Is w a prime number?
False
Let k = 635 + -627. Suppose 2011 = k*o - 20125. Is o a composite number?
False
Let q(o) = -11*o**2 + 51*o + 63. Let h be ((-52)/8)/((-2)/(-4)). Let s(m) = -5*m**2 + 25*m + 31. Let z(l) = h*s(l) + 6*q(l). Is z(-12) a composite number?
False
Let a = -5 - -9. Suppose -y = 3*i - 2*i + 4, a = -5*i - y. Suppose i = -2*v + 64 + 682. Is v a composite number?
False
Is (42 + 1069556)/(16/14) - 3/(-4) prime?
True
Let k be (6 - 5 - -5) + -6. Suppose 10*p - p - 18477 = k. Is p a prime number?
True
Is (-1468)/((-5)/(-1115)*-4) a composite number?
True
Let f be (-18)/(-90) - 5/(75/2538). Let w = f + 252. Is w composite?
False
Suppose 56*z - 671198 = 34*z. Is z composite?
False
Suppose -3*t = -5*h + 31, -2*t - h - h = -6. Suppose -5*c = -4*o + 13, -3*c - 4*o + 559 - 554 = 0. Is 65*16 + (0 - t - c) prime?
False
Let i be (-3)/(-15)*10/4*4. Suppose -4*h = -u + 6, i*u - 3*h + 3 = 5*u. Suppose -3*g - 1762 = -u*m - 0*g, -2*m - 2*g = -1782. Is m a prime number?
True
Let d be 5165 - (26/39 + 10/(-6)). Suppose 0*w - d = -p + w, -4*p = 3*w - 20671. Is p composite?
False
Let q(j) = 4*j**2 - 32 + 31 + 18 + 12*j - 10*j**3. Is q(-10) composite?
True
Suppose 234136 + 316756 = 2*a + 2*a. Is a prime?
True
Let y(s) = 40090*s + 2599. Is y(16) a composite number?
True
Suppose o - 16 = -5*w - 38, 0 = 4*w - 2*o + 12. Let k(v) be the third derivative of v**6/120 + 3*v**5/20 + 5*v**4/24 - v**3/6 - 11*v**2. Is k(w) a prime number?
True
Suppose 13*n = 11*n + 32. Suppose n = 4*q - 4. Suppose 195 = 5*i - 2*u - 158, -q*u = i - 76. Is i a prime number?
True
Suppose -2*z + 6 = 2*n, 4*z + 2*n - 3 = 3*z. Suppose 3602 = -z*p + 5*p. Is p composite?
False
Let f(t) = 2*t**2 + 11*t - 9. Suppose 0*x = x - 9. Let y be f(x). Suppose 0 = 5*l - y - 83. Is l prime?
True
Suppose 93*b - 378562 = 91*b. Is b composite?
True
Let o(a) = -13*a**2 - 40*a + 15. Let j(x) = -66*x**2 - 201*x + 79. Let l(h) = 2*j(h) - 11*o(h). Is l(20) prime?
True
Suppose -18761475 = -8*l - 6067931. Is l composite?
False
Let n(c) = 26*c**2 + 10*c - 6. Let v = -28 + 33. Let k be n(v). Let a = k - 483. Is a prime?
True
Let b = -1563 + 3119. Let r(d) = 2*d**3 + 16*d**2 + 9*d - 19. Let a be r(-8). Let l = b + a. Is l prime?
False
Let o(w) = 8*w**2 + 34*w + 23. Suppose 2*c = -0*c - 3*l - 43, 0 = -2*c - 5*l - 53. Is o(c) a prime number?
False
Let u = 23 - 19. Suppose 4*c - 13797 = -5*t, -c - u*t + 3441 = -0*t. Is c composite?
True
Let f = -1079 - -1589. Let o = f - -2277. Is o a prime number?
False
Suppose 3*t = 5*y - 2*t + 135, -3*t + 108 = -4*y. Let d = -23 - y. Suppose -2*m + 3*p + 1823 = 0, -d*p + 1811 = 2*m - 3*p. Is m composite?
False
Let l = 4449 + 33748. Is l a composite number?
False
Suppose -5*k = 15 - 5. Let o(t) = -9*t**3 + 3*t**2 + 3*t. Let a be o(k). Let j = 113 + a. Is j a composite number?
False
Let h be ((-4)/8)/((-4)/96). Is 1/1*(-3)/(h/(-2456)) a prime number?
False
Let x(a) = -12*a - a**2 + 13 + 0 + 6. Let b be x(-14). Is 58299/27 - (-2)/b a prime number?
False
Let z(k) = 15*k - 14. Let c be z(2). Suppose -2*a - 4*t = -310, 3*t = -c*a + 17*a - 175. Is a a prime number?
True
Is (296018/(-3))/(218/(-327)) a prime number?
False
Suppose 2*c + 14 = 0, 13*g - 4165400 = -19*c + 16*c. Is g composite?
False
Let y be 4*(-6)/72 + (-864866)/(-6). Suppose -4*o = -3*b - 144145, -5*o + o + 4*b = -y. Is o composite?
False
Let v(b) = 4*b**3 + 6*b**2 + 43*b - 135. Is v(34) a composite number?
False
Let i(d) = -2776*d - 80. Let j(b) = -2777*b - 78. Let k(n) = 6*i(n) - 7*j(n). Is k(7) prime?
False
Suppose 3*n - 37*f + 39*f - 836920 = 0, 0 = n + 4*f - 278990. Suppose -32*a + n = 62042. Is a prime?
True
Suppose 362 - 347 = 3*v. Let y(x) = 47*x**2 + 22*x - 78. Is y(v) composite?
True
Suppose 4*a - a - 12 = 0. Let c(q) = 3*q**3 - 5*q**2 - 3*q - a - 14 + 32. Is c(5) composite?
True
Let h = 456436 + -315797. Is h a composite number?
False
Suppose 0 = 4*j - 5*z - 5104422, 15*j - 10*j = -4*z + 6380507. Is j a prime number?
True
Let z(m) be the third derivative of 41*m**5/15 + 7*m**4/12 + 11*m**3/6 - 40*m**2. Is z(5) a composite number?
True
Let h(s) = -8*s**3 - 3*s**3 + 4*s**3 + 2*s**3 - 5*s + 6*s**2 - 3. Let q(u) = u**2 + 28*u - 34. Let m be q(-29). Is h(m) a prime number?
True
Suppose -p + 255 + 2440 = -2*y, 0 = p + 5*y - 2716. Is p prime?
False
Let h(d) = -606*d - 1499. Is h(-26) composite?
True
Let m be 1 - -2593 - (3 + -1 + 0). Let k = m + -1806. Suppose 0 = 13*j - 19*j + k. Is j prime?
True
Let y = 30 - 26. Suppose -6*r = 2*w - r - 12444, 0 = -w + y*r + 6209. Is w composite?
False
Suppose 20 = 4*y - 0*y. Let i = -3 + y. Suppose -g - 5*j = -3*g + 4591, 2*j + 4588 = i*g. Is g composite?
False
Is (-396026)/(((-9)/6)/(3/4)) composite?
False
Is (-19860)/(-192)*4436 - (-1)/4 prime?
True
Let a(i) = 257*i**2 + 358*i - 66. Is a(-55) a prime number?
False
Let l = 1086420 - 771883. Is l a prime number?
False
Let y(q) = -5*q - 7. Let o be y(-3). Suppose 0 = 6*s - o*s - i + 42, -119 = -5*s + i. Suppose -5466 = 17*j - s*j. Is j a prime number?
True
Let h = 62074 + -17327. Is h a composite number?
True
Let y(s) = -488*s + 17. Let t be y(4). Let p = t - -205. Let d = -787 - p. Is d a composite number?
True
Suppose -4*z + 2*x + 8 = 0, 2*z = -17*x + 22*x + 4. Suppose 3*v + 3493 = z*w - 1772, -3*w - 5*v = -7888. Is w a prime number?
False
Suppose 3*j + 11 = 4*q, -4*j - 5*q + 27 = -2*q. Suppose 4*s - 6 = -2*v, -2*s - 24 = -v + j*s. Is 8/(-6) - (-18867)/v a composite number?
True
Let o be (-27 - -36) + -1*1/1. Suppose -11*m = o*m - 13699. Is m a composite number?
True
Let q(v) = 2*v**3 - 17*v**2 + 7*v - 63. Let f be q(28). Suppose 4*t - f + 3328 = -5*y, 5*t = -5*y + 34220. Is t a prime number?
False
Let h(j) = 1878*j - 563. Is h(14) composite?
True
Suppose -404*w = -394*w - 684610. Is w a composite number?
True
Suppose 5*h - 5*n - 4 = 1, 4*h = n + 10. Let t(m) = -2*m + 7*m**3 + 5*m - 3 + 39*m**h + 2*m**2. Is t(2) a prime number?
True
Suppose 2*a = 71 + 3. Let r = a - 46. Is (-4)/(-12) + (-60036)/r composite?
True
Let r = -190 - -186. Is (-9)/6 - 7490/r a composite number?
False
Is (-1 + 2 + (-6 - 39429/18))*-526 a prime number?
False
Let j = 5334851 - 3656344. Is j prime?
True
Suppose -10*n = -8*n - v - 252584, -378876 = -3*n + v. Suppose -37*i = -n + 10445. Is i prime?
False
Let t = -77 - -80. Suppose u = -w - 15, -4*w = -3*u - t*w - 25. Is ((-52180)/(-50))/((-4)/u) prime?
True
Let y be ((-517)/(-2))/((-41)/14 - -3). Suppose -t + y = t + m, -m + 5427 = 3*t. Suppose -4*g + t = -164. Is g a prime number?
False
Is (0 + (7 - -2))*562859/33 a composite number?
True
Suppose 0 = 28*y - 32*y - 4. Let u be (y + 2 + 0)/((-4)/(-292)). Let s = u - -10. Is s prime?
True
Suppose 2*p - 4*k - 87668 = 0, -2*p - 43841 = -3*p - 5*k. Is -3 + p/9 - 4/6 a composite number?
True
Suppose 376 = 15*w - 11*w. Let a = w + 5506. Suppose -3*d + 2*n + 1664 + 3935 = 0, -a = -3*d + n. Is d composite?
False
Suppose -37*a = z - 40*a - 224317, -2*z = -5*a - 448632. Is z prime?
False
Suppose x = 2*y - 6*y - 30043, x = 5. Let u(s) = 58*s - 2351. Let r be u(-33). Let t = r - y. Is t a composite number?
True
Let x(f) = 1307*f**2 - 24*f + 849. Is x(20) a prime number?
True
Suppose -132*x + 102 = -149*x. Let k(q) = 7*q**3 + 7*q**2 - q - 1. Le